{"id":91,"date":"2021-02-02T18:17:59","date_gmt":"2021-02-02T17:17:59","guid":{"rendered":"http:\/\/gierczynowka.pl\/?page_id=91"},"modified":"2025-04-06T14:29:34","modified_gmt":"2025-04-06T12:29:34","slug":"oferta","status":"publish","type":"page","link":"https:\/\/gierczynowka.pl\/index.php\/oferta\/","title":{"rendered":"Oferta"},"content":{"rendered":"\n<p>Do dyspozycji go\u015bci oddajemy 3 apartamenty, ka\u017cdy z \u0142azienk\u0105, a tak\u017ce kompletnie wyposa\u017con\u0105 wsp\u00f3ln\u0105 kuchni\u0119 z miejscem do biesiadowania przy kominku. To idealne miejsce dla trzech par, trzech rodzin z dzie\u0107mi lub grupy przyjaci\u00f3\u0142 pragn\u0105cych wypocz\u0105\u0107 w mniejszym gronie. <\/p>\n\n\n\n<p>Cena za wynajem ca\u0142ego domu wynosi <strong>1 200 z\u0142\/dob\u0119<\/strong>, cena za wynajem apartamentu 4-osobowego z \u0142azienk\u0105 prywatn\u0105 wynosi <strong>400 z\u0142\/dob\u0119<\/strong>. W przypadku mniejszych grup ceny do uzgodnienia.<\/p>\n\n\n\n<!--more-->\n\n\n\n<p><strong>Parter<\/strong><\/p>\n\n\n\n<p>Na parterze domu po lewej stronie znajduje si\u0119 du\u017ca sala kominkowo-biesiadna z kuchni\u0105 do wsp\u00f3lnego u\u017cytkowania. <\/p>\n\n\n\n<figure class=\"wp-block-gallery columns-3 is-cropped wp-block-gallery-1 is-layout-flex wp-block-gallery-is-layout-flex\"><ul class=\"blocks-gallery-grid\"><li class=\"blocks-gallery-item\"><figure><img loading=\"lazy\" decoding=\"async\" width=\"1024\" height=\"683\" src=\"https:\/\/gierczynowka.pl\/wp-content\/uploads\/2021\/02\/Parter-7-1024x683.jpg\" alt=\"\" data-id=\"160\" data-link=\"https:\/\/gierczynowka.pl\/index.php\/oferta\/parter\/parter-7\/\" class=\"wp-image-160\" srcset=\"https:\/\/gierczynowka.pl\/wp-content\/uploads\/2021\/02\/Parter-7-1024x683.jpg 1024w, https:\/\/gierczynowka.pl\/wp-content\/uploads\/2021\/02\/Parter-7-300x200.jpg 300w, https:\/\/gierczynowka.pl\/wp-content\/uploads\/2021\/02\/Parter-7-768x512.jpg 768w\" sizes=\"auto, (max-width: 767px) 89vw, (max-width: 1000px) 54vw, (max-width: 1071px) 543px, 580px\" \/><\/figure><\/li><li class=\"blocks-gallery-item\"><figure><img loading=\"lazy\" decoding=\"async\" width=\"1024\" height=\"683\" src=\"https:\/\/gierczynowka.pl\/wp-content\/uploads\/2021\/02\/Parter-4-1024x683.jpg\" alt=\"\" data-id=\"157\" data-link=\"https:\/\/gierczynowka.pl\/index.php\/oferta\/parter\/parter-4\/\" class=\"wp-image-157\" srcset=\"https:\/\/gierczynowka.pl\/wp-content\/uploads\/2021\/02\/Parter-4-1024x683.jpg 1024w, https:\/\/gierczynowka.pl\/wp-content\/uploads\/2021\/02\/Parter-4-300x200.jpg 300w, https:\/\/gierczynowka.pl\/wp-content\/uploads\/2021\/02\/Parter-4-768x512.jpg 768w\" sizes=\"auto, (max-width: 767px) 89vw, (max-width: 1000px) 54vw, (max-width: 1071px) 543px, 580px\" \/><\/figure><\/li><li class=\"blocks-gallery-item\"><figure><img loading=\"lazy\" decoding=\"async\" width=\"1024\" height=\"682\" src=\"https:\/\/gierczynowka.pl\/wp-content\/uploads\/2021\/02\/Parter-1-1024x682.jpg\" alt=\"\" data-id=\"152\" data-link=\"https:\/\/gierczynowka.pl\/index.php\/oferta\/parter\/parter-1\/\" class=\"wp-image-152\" srcset=\"https:\/\/gierczynowka.pl\/wp-content\/uploads\/2021\/02\/Parter-1-1024x682.jpg 1024w, https:\/\/gierczynowka.pl\/wp-content\/uploads\/2021\/02\/Parter-1-300x200.jpg 300w, https:\/\/gierczynowka.pl\/wp-content\/uploads\/2021\/02\/Parter-1-768x512.jpg 768w\" sizes=\"auto, (max-width: 767px) 89vw, (max-width: 1000px) 54vw, (max-width: 1071px) 543px, 580px\" \/><\/figure><\/li><\/ul><\/figure>\n\n\n\n<p class=\"has-text-align-center\"><a href=\"https:\/\/gierczynowka.pl\/index.php\/oferta\/parter\/\"><strong>Zobacz wi\u0119cej<\/strong><\/a><\/p>\n\n\n\n<p><strong>Salonik<\/strong><\/p>\n\n\n\n<p>Po prawej stronie od wej\u015bcia na parterze znajduje si\u0119 apartament \u201eSalonik\u201d <\/p>\n\n\n\n<figure class=\"wp-block-gallery columns-3 is-cropped wp-block-gallery-2 is-layout-flex wp-block-gallery-is-layout-flex\"><ul class=\"blocks-gallery-grid\"><li class=\"blocks-gallery-item\"><figure><img loading=\"lazy\" decoding=\"async\" width=\"1024\" height=\"683\" src=\"https:\/\/gierczynowka.pl\/wp-content\/uploads\/2021\/02\/Salonik-9-1024x683.jpg\" alt=\"\" data-id=\"175\" data-link=\"https:\/\/gierczynowka.pl\/index.php\/oferta\/salonik\/salonik-9\/\" class=\"wp-image-175\" srcset=\"https:\/\/gierczynowka.pl\/wp-content\/uploads\/2021\/02\/Salonik-9-1024x683.jpg 1024w, https:\/\/gierczynowka.pl\/wp-content\/uploads\/2021\/02\/Salonik-9-300x200.jpg 300w, https:\/\/gierczynowka.pl\/wp-content\/uploads\/2021\/02\/Salonik-9-768x512.jpg 768w\" sizes=\"auto, (max-width: 767px) 89vw, (max-width: 1000px) 54vw, (max-width: 1071px) 543px, 580px\" \/><\/figure><\/li><li class=\"blocks-gallery-item\"><figure><img loading=\"lazy\" decoding=\"async\" width=\"1024\" height=\"698\" src=\"https:\/\/gierczynowka.pl\/wp-content\/uploads\/2021\/02\/Salonik-3-1024x698.jpg\" alt=\"\" data-id=\"169\" data-link=\"https:\/\/gierczynowka.pl\/index.php\/oferta\/salonik\/salonik-3\/\" class=\"wp-image-169\" srcset=\"https:\/\/gierczynowka.pl\/wp-content\/uploads\/2021\/02\/Salonik-3-1024x698.jpg 1024w, https:\/\/gierczynowka.pl\/wp-content\/uploads\/2021\/02\/Salonik-3-300x204.jpg 300w, https:\/\/gierczynowka.pl\/wp-content\/uploads\/2021\/02\/Salonik-3-768x523.jpg 768w\" sizes=\"auto, (max-width: 767px) 89vw, (max-width: 1000px) 54vw, (max-width: 1071px) 543px, 580px\" \/><\/figure><\/li><li class=\"blocks-gallery-item\"><figure><img loading=\"lazy\" decoding=\"async\" width=\"1024\" height=\"683\" src=\"https:\/\/gierczynowka.pl\/wp-content\/uploads\/2021\/02\/Salonik-1-1024x683.jpg\" alt=\"\" data-id=\"167\" data-link=\"https:\/\/gierczynowka.pl\/index.php\/oferta\/salonik\/salonik-1\/\" class=\"wp-image-167\" srcset=\"https:\/\/gierczynowka.pl\/wp-content\/uploads\/2021\/02\/Salonik-1-1024x683.jpg 1024w, https:\/\/gierczynowka.pl\/wp-content\/uploads\/2021\/02\/Salonik-1-300x200.jpg 300w, https:\/\/gierczynowka.pl\/wp-content\/uploads\/2021\/02\/Salonik-1-768x512.jpg 768w\" sizes=\"auto, (max-width: 767px) 89vw, (max-width: 1000px) 54vw, (max-width: 1071px) 543px, 580px\" \/><\/figure><\/li><\/ul><\/figure>\n\n\n\n<p class=\"has-text-align-center\"><strong><a href=\"https:\/\/gierczynowka.pl\/index.php\/oferta\/salonik\/\">Zobacz wi\u0119cej<\/a><\/strong><\/p>\n\n\n\n<p><strong>Pok\u00f3j\n&#8222;Malinowy&#8221;<\/strong><\/p>\n\n\n\n<p>Znajduje si\u0119 w nim jedno\n\u0142o\u017ce ma\u0142\u017ce\u0144skie oraz w mansardzie dwa osobne \u0142\u00f3\u017cka; \u0142azienka z kabin\u0105\nprysznicow\u0105.<\/p>\n\n\n\n<figure class=\"wp-block-gallery columns-3 is-cropped wp-block-gallery-3 is-layout-flex wp-block-gallery-is-layout-flex\"><ul class=\"blocks-gallery-grid\"><li class=\"blocks-gallery-item\"><figure><img loading=\"lazy\" decoding=\"async\" width=\"1024\" height=\"694\" src=\"https:\/\/gierczynowka.pl\/wp-content\/uploads\/2021\/02\/Pokoj-Malinowy-8-1024x694.jpg\" alt=\"\" data-id=\"185\" data-link=\"https:\/\/gierczynowka.pl\/index.php\/oferta\/pokoj-malinowy\/pokoj-malinowy-8\/\" class=\"wp-image-185\" srcset=\"https:\/\/gierczynowka.pl\/wp-content\/uploads\/2021\/02\/Pokoj-Malinowy-8-1024x694.jpg 1024w, https:\/\/gierczynowka.pl\/wp-content\/uploads\/2021\/02\/Pokoj-Malinowy-8-300x203.jpg 300w, https:\/\/gierczynowka.pl\/wp-content\/uploads\/2021\/02\/Pokoj-Malinowy-8-768x521.jpg 768w\" sizes=\"auto, (max-width: 767px) 89vw, (max-width: 1000px) 54vw, (max-width: 1071px) 543px, 580px\" \/><\/figure><\/li><li class=\"blocks-gallery-item\"><figure><img loading=\"lazy\" decoding=\"async\" width=\"1024\" height=\"694\" src=\"https:\/\/gierczynowka.pl\/wp-content\/uploads\/2021\/02\/Pokoj-Malinowy-7-1024x694.jpg\" alt=\"\" data-id=\"184\" data-link=\"https:\/\/gierczynowka.pl\/index.php\/oferta\/pokoj-malinowy\/pokoj-malinowy-7\/\" class=\"wp-image-184\" srcset=\"https:\/\/gierczynowka.pl\/wp-content\/uploads\/2021\/02\/Pokoj-Malinowy-7-1024x694.jpg 1024w, https:\/\/gierczynowka.pl\/wp-content\/uploads\/2021\/02\/Pokoj-Malinowy-7-300x203.jpg 300w, https:\/\/gierczynowka.pl\/wp-content\/uploads\/2021\/02\/Pokoj-Malinowy-7-768x521.jpg 768w\" sizes=\"auto, (max-width: 767px) 89vw, (max-width: 1000px) 54vw, (max-width: 1071px) 543px, 580px\" \/><\/figure><\/li><li class=\"blocks-gallery-item\"><figure><img loading=\"lazy\" decoding=\"async\" width=\"1024\" height=\"683\" src=\"https:\/\/gierczynowka.pl\/wp-content\/uploads\/2021\/02\/Pokoj-Malinowy-3-1024x683.jpg\" alt=\"\" data-id=\"180\" data-link=\"https:\/\/gierczynowka.pl\/index.php\/oferta\/pokoj-malinowy\/pokoj-malinowy-3\/\" class=\"wp-image-180\" srcset=\"https:\/\/gierczynowka.pl\/wp-content\/uploads\/2021\/02\/Pokoj-Malinowy-3-1024x683.jpg 1024w, https:\/\/gierczynowka.pl\/wp-content\/uploads\/2021\/02\/Pokoj-Malinowy-3-300x200.jpg 300w, https:\/\/gierczynowka.pl\/wp-content\/uploads\/2021\/02\/Pokoj-Malinowy-3-768x512.jpg 768w\" sizes=\"auto, (max-width: 767px) 89vw, (max-width: 1000px) 54vw, (max-width: 1071px) 543px, 580px\" \/><\/figure><\/li><\/ul><\/figure>\n\n\n\n<p class=\"has-text-align-center\"><strong><a href=\"https:\/\/gierczynowka.pl\/index.php\/oferta\/pokoj-malinowy\/\">Zobacz wi\u0119cej<\/a><\/strong><\/p>\n\n\n\n<p><strong>Pok\u00f3j \u201eNiebieski\u201d<\/strong><\/p>\n\n\n\n<p>Znajduj\u0105 si\u0119 w nim dwa\n\u0142o\u017ce ma\u0142\u017ce\u0144skie; \u0142azienka z kabin\u0105 prysznicow\u0105. W obydwu pokojach istnieje\nmo\u017cliwo\u015b\u0107 dostawienia dodatkowego \u0142\u00f3\u017cka.<\/p>\n\n\n\n<figure class=\"wp-block-gallery columns-3 is-cropped wp-block-gallery-4 is-layout-flex wp-block-gallery-is-layout-flex\"><ul class=\"blocks-gallery-grid\"><li class=\"blocks-gallery-item\"><figure><img loading=\"lazy\" decoding=\"async\" width=\"1024\" height=\"683\" src=\"https:\/\/gierczynowka.pl\/wp-content\/uploads\/2021\/02\/Pokoj-Niebieski-3-1024x683.jpg\" alt=\"\" data-id=\"191\" data-link=\"https:\/\/gierczynowka.pl\/index.php\/oferta\/pokoj-niebieski\/pokoj-niebieski-3\/\" class=\"wp-image-191\" srcset=\"https:\/\/gierczynowka.pl\/wp-content\/uploads\/2021\/02\/Pokoj-Niebieski-3-1024x683.jpg 1024w, https:\/\/gierczynowka.pl\/wp-content\/uploads\/2021\/02\/Pokoj-Niebieski-3-300x200.jpg 300w, https:\/\/gierczynowka.pl\/wp-content\/uploads\/2021\/02\/Pokoj-Niebieski-3-768x512.jpg 768w\" sizes=\"auto, (max-width: 767px) 89vw, (max-width: 1000px) 54vw, (max-width: 1071px) 543px, 580px\" \/><\/figure><\/li><li class=\"blocks-gallery-item\"><figure><img loading=\"lazy\" decoding=\"async\" width=\"1024\" height=\"677\" src=\"https:\/\/gierczynowka.pl\/wp-content\/uploads\/2021\/02\/Pokoj-Niebieski-5-1024x677.jpg\" alt=\"\" data-id=\"193\" data-link=\"https:\/\/gierczynowka.pl\/index.php\/oferta\/pokoj-niebieski\/pokoj-niebieski-5\/\" class=\"wp-image-193\" srcset=\"https:\/\/gierczynowka.pl\/wp-content\/uploads\/2021\/02\/Pokoj-Niebieski-5-1024x677.jpg 1024w, https:\/\/gierczynowka.pl\/wp-content\/uploads\/2021\/02\/Pokoj-Niebieski-5-300x198.jpg 300w, https:\/\/gierczynowka.pl\/wp-content\/uploads\/2021\/02\/Pokoj-Niebieski-5-768x508.jpg 768w\" sizes=\"auto, (max-width: 767px) 89vw, (max-width: 1000px) 54vw, (max-width: 1071px) 543px, 580px\" \/><\/figure><\/li><li class=\"blocks-gallery-item\"><figure><img loading=\"lazy\" decoding=\"async\" width=\"1024\" height=\"684\" src=\"https:\/\/gierczynowka.pl\/wp-content\/uploads\/2021\/02\/Pokoj-Niebieski-4-1024x684.jpg\" alt=\"\" data-id=\"192\" data-link=\"https:\/\/gierczynowka.pl\/index.php\/oferta\/pokoj-niebieski\/pokoj-niebieski-4\/\" class=\"wp-image-192\" srcset=\"https:\/\/gierczynowka.pl\/wp-content\/uploads\/2021\/02\/Pokoj-Niebieski-4-1024x684.jpg 1024w, https:\/\/gierczynowka.pl\/wp-content\/uploads\/2021\/02\/Pokoj-Niebieski-4-300x200.jpg 300w, https:\/\/gierczynowka.pl\/wp-content\/uploads\/2021\/02\/Pokoj-Niebieski-4-768x513.jpg 768w\" sizes=\"auto, (max-width: 767px) 89vw, (max-width: 1000px) 54vw, (max-width: 1071px) 543px, 580px\" \/><\/figure><\/li><\/ul><\/figure>\n\n\n\n<p class=\"has-text-align-center\"><strong><a href=\"https:\/\/gierczynowka.pl\/index.php\/oferta\/pokoj-niebieski\/\">Zobacz wi\u0119cej<\/a><\/strong><\/p>\n\n\n\n<p><strong>Korytarz g\u00f3ra<\/strong><\/p>\n\n\n\n<figure class=\"wp-block-gallery columns-3 is-cropped wp-block-gallery-5 is-layout-flex wp-block-gallery-is-layout-flex\"><ul class=\"blocks-gallery-grid\"><li class=\"blocks-gallery-item\"><figure><img loading=\"lazy\" decoding=\"async\" width=\"1024\" height=\"683\" src=\"https:\/\/gierczynowka.pl\/wp-content\/uploads\/2021\/02\/Korytarz-g\u00f3ra-3-1024x683.jpg\" alt=\"\" data-id=\"201\" data-link=\"https:\/\/gierczynowka.pl\/index.php\/oferta\/korytarz-gora\/korytarz-gora-3\/\" class=\"wp-image-201\" srcset=\"https:\/\/gierczynowka.pl\/wp-content\/uploads\/2021\/02\/Korytarz-g\u00f3ra-3-1024x683.jpg 1024w, https:\/\/gierczynowka.pl\/wp-content\/uploads\/2021\/02\/Korytarz-g\u00f3ra-3-300x200.jpg 300w, https:\/\/gierczynowka.pl\/wp-content\/uploads\/2021\/02\/Korytarz-g\u00f3ra-3-768x512.jpg 768w\" sizes=\"auto, (max-width: 767px) 89vw, (max-width: 1000px) 54vw, (max-width: 1071px) 543px, 580px\" \/><\/figure><\/li><li class=\"blocks-gallery-item\"><figure><img loading=\"lazy\" decoding=\"async\" width=\"683\" height=\"1024\" src=\"https:\/\/gierczynowka.pl\/wp-content\/uploads\/2021\/02\/Korytarz-g\u00f3ra-2-683x1024.jpg\" alt=\"\" data-id=\"199\" data-link=\"https:\/\/gierczynowka.pl\/index.php\/oferta\/korytarz-gora\/korytarz-gora-2\/\" class=\"wp-image-199\" srcset=\"https:\/\/gierczynowka.pl\/wp-content\/uploads\/2021\/02\/Korytarz-g\u00f3ra-2-683x1024.jpg 683w, https:\/\/gierczynowka.pl\/wp-content\/uploads\/2021\/02\/Korytarz-g\u00f3ra-2-200x300.jpg 200w, https:\/\/gierczynowka.pl\/wp-content\/uploads\/2021\/02\/Korytarz-g\u00f3ra-2-768x1151.jpg 768w, https:\/\/gierczynowka.pl\/wp-content\/uploads\/2021\/02\/Korytarz-g\u00f3ra-2.jpg 1708w\" sizes=\"auto, (max-width: 683px) 100vw, 683px\" \/><\/figure><\/li><li class=\"blocks-gallery-item\"><figure><img loading=\"lazy\" decoding=\"async\" width=\"683\" height=\"1024\" src=\"https:\/\/gierczynowka.pl\/wp-content\/uploads\/2021\/02\/Korytarz-g\u00f3ra-1-683x1024.jpg\" alt=\"\" data-id=\"198\" data-link=\"https:\/\/gierczynowka.pl\/index.php\/oferta\/korytarz-gora\/korytarz-gora-1\/\" class=\"wp-image-198\" srcset=\"https:\/\/gierczynowka.pl\/wp-content\/uploads\/2021\/02\/Korytarz-g\u00f3ra-1-683x1024.jpg 683w, https:\/\/gierczynowka.pl\/wp-content\/uploads\/2021\/02\/Korytarz-g\u00f3ra-1-200x300.jpg 200w, https:\/\/gierczynowka.pl\/wp-content\/uploads\/2021\/02\/Korytarz-g\u00f3ra-1-768x1151.jpg 768w, https:\/\/gierczynowka.pl\/wp-content\/uploads\/2021\/02\/Korytarz-g\u00f3ra-1.jpg 1708w\" sizes=\"auto, (max-width: 683px) 100vw, 683px\" \/><\/figure><\/li><\/ul><\/figure>\n\n\n\n<p class=\"has-text-align-center\"><strong><a href=\"https:\/\/gierczynowka.pl\/index.php\/oferta\/korytarz-gora\/\">Zobacz wi\u0119cej<\/a><\/strong><\/p>\n\n\n\n<p><strong>Dom przyjazny dzieciom<\/strong><\/p>\n\n\n\n<p>Z my\u015bl\u0105 o najm\u0142odszych przygotowali\u015bmy kilka udogodnie\u0144. <\/p>\n\n\n\n<figure class=\"wp-block-gallery columns-3 is-cropped wp-block-gallery-6 is-layout-flex wp-block-gallery-is-layout-flex\"><ul class=\"blocks-gallery-grid\"><li class=\"blocks-gallery-item\"><figure><img loading=\"lazy\" decoding=\"async\" width=\"1024\" height=\"767\" src=\"https:\/\/gierczynowka.pl\/wp-content\/uploads\/2021\/02\/p1-1024x767.jpg\" alt=\"\" data-id=\"69\" data-link=\"https:\/\/gierczynowka.pl\/index.php\/dom__trashed\/p1\/\" class=\"wp-image-69\" srcset=\"https:\/\/gierczynowka.pl\/wp-content\/uploads\/2021\/02\/p1-1024x767.jpg 1024w, https:\/\/gierczynowka.pl\/wp-content\/uploads\/2021\/02\/p1-300x225.jpg 300w, https:\/\/gierczynowka.pl\/wp-content\/uploads\/2021\/02\/p1-768x575.jpg 768w\" sizes=\"auto, (max-width: 767px) 89vw, (max-width: 1000px) 54vw, (max-width: 1071px) 543px, 580px\" \/><\/figure><\/li><li class=\"blocks-gallery-item\"><figure><img loading=\"lazy\" decoding=\"async\" width=\"1024\" height=\"548\" src=\"https:\/\/gierczynowka.pl\/wp-content\/uploads\/2021\/02\/mag2-1024x548.jpg\" alt=\"\" data-id=\"68\" data-link=\"https:\/\/gierczynowka.pl\/index.php\/dom__trashed\/mag2\/\" class=\"wp-image-68\" srcset=\"https:\/\/gierczynowka.pl\/wp-content\/uploads\/2021\/02\/mag2-1024x548.jpg 1024w, https:\/\/gierczynowka.pl\/wp-content\/uploads\/2021\/02\/mag2-300x161.jpg 300w, https:\/\/gierczynowka.pl\/wp-content\/uploads\/2021\/02\/mag2-768x411.jpg 768w\" sizes=\"auto, (max-width: 767px) 89vw, (max-width: 1000px) 54vw, (max-width: 1071px) 543px, 580px\" \/><\/figure><\/li><li class=\"blocks-gallery-item\"><figure><img loading=\"lazy\" decoding=\"async\" width=\"400\" height=\"600\" src=\"https:\/\/gierczynowka.pl\/wp-content\/uploads\/2021\/02\/IMG_5206v1.jpg\" alt=\"\" data-id=\"65\" data-link=\"https:\/\/gierczynowka.pl\/index.php\/dom__trashed\/img_5206v1\/\" class=\"wp-image-65\" srcset=\"https:\/\/gierczynowka.pl\/wp-content\/uploads\/2021\/02\/IMG_5206v1.jpg 400w, https:\/\/gierczynowka.pl\/wp-content\/uploads\/2021\/02\/IMG_5206v1-200x300.jpg 200w\" sizes=\"auto, (max-width: 400px) 100vw, 400px\" \/><\/figure><\/li><\/ul><\/figure>\n\n\n\n<p class=\"has-text-align-center\"><strong><a href=\"https:\/\/gierczynowka.pl\/index.php\/oferta\/dom-przyjazny-dzieciom\/\">Zobacz wi\u0119cej<\/a><\/strong><\/p>\n\n\n\n<p class=\"has-text-align-center\"><strong>Zobacz wi\u0119cej<\/strong><\/p>\n\n\n\n<p>Nie zapewniamy Pa\u0144stwu\nwy\u017cywienia ale gwarantujemy idealne warunki przygotowania posi\u0142k\u00f3w i zrobienia\nzakup\u00f3w. Polecamy sklep wiejski, targ w Mirsku oraz wy\u015bmienite wiejskie\nprodukty: mi\u00f3d, sery.<\/p>\n\n\n\n<p>Naszym go\u015bciom\nudost\u0119pniamy wyposa\u017con\u0105 kuchni\u0119 oraz oferujemy r\u0119czniki, \u015brodki czysto\u015bciowe do\nkorzystania ze zmywarki oraz dost\u0119p do pralki.<\/p>\n","protected":false},"excerpt":{"rendered":"<p>Do dyspozycji go\u015bci oddajemy 3 apartamenty, ka\u017cdy z \u0142azienk\u0105, a tak\u017ce kompletnie wyposa\u017con\u0105 wsp\u00f3ln\u0105 kuchni\u0119 z miejscem do biesiadowania przy kominku. To idealne miejsce dla trzech par, trzech rodzin z dzie\u0107mi lub grupy przyjaci\u00f3\u0142 pragn\u0105cych wypocz\u0105\u0107 w mniejszym gronie. Cena za wynajem ca\u0142ego domu wynosi 1 200 z\u0142\/dob\u0119, cena za wynajem apartamentu 4-osobowego z \u0142azienk\u0105 &hellip; <\/p>\n<p class=\"link-more\"><a href=\"https:\/\/gierczynowka.pl\/index.php\/oferta\/\" class=\"more-link\">Czytaj dalej<span class=\"screen-reader-text\"> \u201eOferta\u201d<\/span><\/a><\/p>\n","protected":false},"author":1,"featured_media":45,"parent":0,"menu_order":0,"comment_status":"closed","ping_status":"closed","template":"","meta":{"footnotes":""},"class_list":["post-91","page","type-page","status-publish","has-post-thumbnail","hentry"],"_links":{"self":[{"href":"https:\/\/gierczynowka.pl\/index.php\/wp-json\/wp\/v2\/pages\/91","targetHints":{"allow":["GET"]}}],"collection":[{"href":"https:\/\/gierczynowka.pl\/index.php\/wp-json\/wp\/v2\/pages"}],"about":[{"href":"https:\/\/gierczynowka.pl\/index.php\/wp-json\/wp\/v2\/types\/page"}],"author":[{"embeddable":true,"href":"https:\/\/gierczynowka.pl\/index.php\/wp-json\/wp\/v2\/users\/1"}],"replies":[{"embeddable":true,"href":"https:\/\/gierczynowka.pl\/index.php\/wp-json\/wp\/v2\/comments?post=91"}],"version-history":[{"count":18,"href":"https:\/\/gierczynowka.pl\/index.php\/wp-json\/wp\/v2\/pages\/91\/revisions"}],"predecessor-version":[{"id":489,"href":"https:\/\/gierczynowka.pl\/index.php\/wp-json\/wp\/v2\/pages\/91\/revisions\/489"}],"wp:featuredmedia":[{"embeddable":true,"href":"https:\/\/gierczynowka.pl\/index.php\/wp-json\/wp\/v2\/media\/45"}],"wp:attachment":[{"href":"https:\/\/gierczynowka.pl\/index.php\/wp-json\/wp\/v2\/media?parent=91"}],"curies":[{"name":"wp","href":"https:\/\/api.w.org\/{rel}","templated":true}]}}